?
False
Is 100129 a prime number?
True
Is 26143 prime?
False
Is 343927 composite?
True
Is 20593 composite?
False
Is 30453 prime?
False
Is 211 a prime number?
True
Is 22229 prime?
True
Is 106999 composite?
True
Is 97 prime?
True
Is 77839 a prime number?
True
Is 41794 a prime number?
False
Is 14971 a prime number?
False
Is 56237 composite?
False
Is 709363 composite?
True
Is 766793 a composite number?
False
Is 1246141 prime?
False
Is 268043 a composite number?
False
Is 63569 prime?
False
Is 126619 a prime number?
False
Is 566053 a composite number?
True
Is 100591 composite?
False
Is 75721 a composite number?
False
Is 1201 prime?
True
Is 235091 a prime number?
True
Is 4955 prime?
False
Is 80521 a composite number?
True
Is 4907 prime?
False
Is 44351 a composite number?
False
Is 223 composite?
False
Is 17543 prime?
False
Is 179489 composite?
True
Is 141127 composite?
True
Is 783905 composite?
True
Is 1363259 composite?
False
Is 467537 a composite number?
True
Is 41887 a composite number?
False
Is 4271 a prime number?
True
Is 255787 composite?
True
Is 360749 a composite number?
False
Is 9413 prime?
True
Is 187 composite?
True
Is 25937 prime?
False
Is 32735 a prime number?
False
Is 63251 a composite number?
True
Is 78691 prime?
True
Is 5389 composite?
True
Is 16921 prime?
True
Is 297299 composite?
True
Is 308213 a prime number?
True
Is 275387 prime?
False
Is 23099 a composite number?
False
Is 44683 prime?
True
Is 1407962 a composite number?
True
Is 215077 prime?
True
Is 102433 a composite number?
False
Is 14737 a composite number?
False
Is 188107 a composite number?
False
Is 522947 a composite number?
False
Is 946853 a prime number?
True
Is 3691 composite?
False
Is 100961 composite?
True
Is 972494 a composite number?
True
Is 51751 a composite number?
True
Is 578203 prime?
True
Is 98207 composite?
False
Is 234445 composite?
True
Is 3547 a prime number?
True
Is 1535 a prime number?
False
Is 73921 a prime number?
False
Is 540847 a prime number?
False
Is 197599 a prime number?
True
Is 5923 prime?
True
Is 345691 prime?
False
Is 93182 a composite number?
True
Is 48437 a prime number?
True
Is 4109 composite?
True
Is 122887 a composite number?
False
Is 80701 a composite number?
False
Is 12793 composite?
True
Is 16841 a prime number?
False
Is 3601 composite?
True
Is 242923 a composite number?
False
Is 64109 a composite number?
False
Is 10661 composite?
True
Is 724211 prime?
True
Is 185423 a prime number?
False
Is 14969 a prime number?
True
Is 8419 composite?
False
Is 9647 a composite number?
True
Is 1270747 prime?
True
Is 2752135 a composite number?
True
Is 1535 composite?
True
Is 939287 composite?
False
Is 1090757 composite?
False
Is 270359 a composite number?
True
Is 104459 composite?
False
Is 5437 composite?
False
Is 59809 a composite number?
False
Is 245881 prime?
True
Is 215617 a prime number?
True
Is 248569 composite?
False
Is 26279 composite?
True
Is 47903 composite?
False
Is 35779 composite?
True
Is 25827 a prime number?
False
Is 210631 prime?
True
Is 201935 prime?
False
Is 3814 composite?
True
Is 4507 a prime number?
True
Is 35357 composite?
True
Is 1112227 a composite number?
True
Is 1421893 a prime number?
False
Is 40841 composite?
False
Is 25045 composite?
True
Is 41869 a prime number?
False
Is 140717 composite?
False
Is 21729 a composite number?
True
Is 850693 a composite number?
True
Is 165461 prime?
False
Is 2059 a composite number?
True
Is 18951 composite?
True
Is 17093 a composite number?
False
Is 40022 a composite number?
True
Is 8741 a prime number?
True
Is 5323 composite?
False
Is 22285 prime?
False
Is 7342 a prime number?
False
Is 893317 prime?
True
Is 5609 a prime number?
False
Is 633059 prime?
False
Is 256687 a prime number?
True
Is 20499 a composite number?
True
Is 573701 prime?
False
Is 1005911 prime?
True
Is 24785 a composite number?
True
Is 6347 a composite number?
True
Is 8263 a composite number?
False
Is 9179 prime?
False
Is 91334 composite?
True
Is 73517 a composite number?
False
Is 19801 a composite number?
False
Is 98773 a prime number?
True
Is 21487 prime?
True
Is 7093 composite?
True
Is 837247 composite?
True
Is 1016639 a composite number?
True
Is 192161 composite?
False
Is 599 prime?
True
Is 63493 composite?
False
Is 33377 a prime number?
True
Is 146371 composite?
True
Is 290923 composite?
False
Is 8173 a composite number?
True
Is 681 prime?
False
Is 35729 a composite number?
False
Is 61463 a composite number?
False
Is 242257 composite?
False
Is 6595 a prime number?
False
Is 34807 prime?
True
Is 15761 prime?
True
Is 18082 composite?
True
Is 4717 a prime number?
False
Is 4259 a prime number?
True
Is 551557 a composite number?
False
Is 179555 a composite number?
True
Is 6823 a prime number?
True
Is 141617 composite?
True
Is 398809 a prime number?
False
Is 7003 a prime number?
False
Is 929549 composite?
False
Is 36653 composite?
False
Is 90161 composite?
True
Is 425189 a prime number?
True
Is 1940431 a composite number?
True
Is 247751 prime?
False
Is 76763 a prime number?
False
Is 73339 a composite number?
True
Is 285799 a prime number?
False
Is 28169 prime?
False
Is 11962 a prime number?
False
Is 8219 prime?
True
Is 22229 composite?
False
Is 5017 composite?
True
Is 4861 prime?
True
Is 506333 a composite number?
False
Is 34211 composite?
False
Is 143729 composite?
False
Is 6671 a composite number?
True
Is 1775141 a composite number?
True
Is 232049 composite?
False
Is 1238723 composite?
True
Is 5051 composite?
False
Is 59651 a prime number?
True
Is 30029 composite?
False
Is 1961 prime?
False
Is 361637 prime?
True
Is 4861 prime?
True
Is 83327 composite?
True
Is 6289 a prime number?
False
Is 76341 a composite number?
True
Is 46709 prime?
False
Is 469745 prime?
False
Is 467867 a prime number?
True
Is 28463 prime?
True
Is 1508215 a prime number?
False
Is 134639 a composite number?
False
Is 45053 a prime number?
True
Is 34582 prime?
False
Is 137285 a composite number?
True
Is 191999 a prime number?
True
Is 6589 a prime number?
False
Is 1934 prime?
False
Is 149893 composite?
False
Is 25687 a composite number?
True
Is 83 a composite number?
False
Is 17827 prime?
True
Is 4679 composite?
False
Is 437909 composite?
False
Is 2513 composite?
True
Is 2292593 prime?
True
Is 553 prime?
False
Is 144883 a prime number?
True
Is 11131 a composite number?
False
Is 701147 a composite number?
False
Is 326527 a composite number?
True
Is 5261 a composite number?
False
Is 230821 a prime number?
False
Is 13883 prime?
True
Is 120503 composite?
False
Is 1039453 a composite number?
True
Is 93463 prime?
True
Is 2579 a composite number?
False
Is 14263 a composite number?
True
Is 92749 prime?
False
Is 8609 a composite number?
False
Is 66227 composite?
True
Is 118883 composite?
True
Is 808307 prime?
True
Is 4049 composite?
False
Is 2785 composite?
True
Is 41771 a composite number?
False
Is 22478 a prime number?
False
Is 5077 prime?
True
Is 3013 composite?
True
Is 606293 a prime number?
False
Is 289709 a prime number?
False
Is 15829 a composite number?
True
Is 549862 a prime number?
False
Is 159779 a prime number?
True
Is 19639 a prime number?
False
Is 353357 prime?
False
Is 21759 prime?
False
Is 31469 a composite number?
False
Is 10001 composite?
True
Is 24835 a composite number?
True
Is 206837 composite?
True
Is 111019 a prime number?
False
Is 28685 a composite number?
True
Is 16669 prime?
False
Is 81899 prime?
True
Is 51 a composite number?
True
Is 854921 a composite number?
False
Is 3551 composite?
True
Is 68189 composite?
True
Is 10511 prime?
False
Is 30335 prime?
False
Is 8683 prime?
False
Is 435419 a prime number?
True
Is 59557 a prime number?
True
Is 157393 composite?
False
Is 3092767 a prime number?
True
Is 1255253 a prime number?
True
Is 17194 a prime number?
False
Is 31013 a composite number?
False
Is 1850271 a prime number?
False
Is 135257 composite?
False
Is 16649 a composite number?
False
Is 225631 a prime number?
False
Is 993 a composite number?
True
Is 2111 a composite number?
False
Is 1642 prime?
False
Is 2879 composite?
False
Is 70051 a composite number?
False
Is 3847 a composite number?
False
Is 22993 a prime number?
True
Is 15551 prime?
True
Is 4487 composite?
True
Is 483281 prime?
True
Is 3389 prime?
True
Is 161219 a composite number?
Tr